 are the prime factors of 23713?
23, 1031
List the prime factors of 2694.
2, 3, 449
What are the prime factors of 2185?
5, 19, 23
What are the prime factors of 138?
2, 3, 23
What are the prime factors of 276?
2, 3, 23
List the prime factors of 10488.
2, 3, 19, 23
List the prime factors of 119.
7, 17
What are the prime factors of 7074?
2, 3, 131
What are the prime factors of 7758?
2, 3, 431
What are the prime factors of 125965?
5, 7, 59, 61
List the prime factors of 1821.
3, 607
What are the prime factors of 520?
2, 5, 13
List the prime factors of 104801.
104801
What are the prime factors of 1143?
3, 127
List the prime factors of 57879.
3, 59, 109
What are the prime factors of 3016?
2, 13, 29
What are the prime factors of 962?
2, 13, 37
What are the prime factors of 6903?
3, 13, 59
What are the prime factors of 1914?
2, 3, 11, 29
List the prime factors of 20514.
2, 3, 13, 263
What are the prime factors of 1376?
2, 43
List the prime factors of 8205.
3, 5, 547
List the prime factors of 967.
967
List the prime factors of 1150.
2, 5, 23
What are the prime factors of 7804?
2, 1951
List the prime factors of 31671.
3, 17, 23
List the prime factors of 15245.
5, 3049
What are the prime factors of 9624?
2, 3, 401
What are the prime factors of 110431?
110431
List the prime factors of 742.
2, 7, 53
What are the prime factors of 358?
2, 179
What are the prime factors of 15362?
2, 7681
List the prime factors of 5030.
2, 5, 503
What are the prime factors of 28133?
7, 4019
What are the prime factors of 1840?
2, 5, 23
What are the prime factors of 14186?
2, 41, 173
What are the prime factors of 28168?
2, 7, 503
List the prime factors of 467.
467
What are the prime factors of 1926?
2, 3, 107
What are the prime factors of 4466?
2, 7, 11, 29
What are the prime factors of 663?
3, 13, 17
What are the prime factors of 324?
2, 3
What are the prime factors of 1660?
2, 5, 83
List the prime factors of 7940.
2, 5, 397
List the prime factors of 16592.
2, 17, 61
What are the prime factors of 432?
2, 3
List the prime factors of 48360.
2, 3, 5, 13, 31
List the prime factors of 547.
547
What are the prime factors of 1659?
3, 7, 79
What are the prime factors of 36294?
2, 3, 23, 263
What are the prime factors of 43619?
53, 823
What are the prime factors of 6936?
2, 3, 17
List the prime factors of 1753.
1753
What are the prime factors of 54499?
54499
What are the prime factors of 1357?
23, 59
List the prime factors of 5175.
3, 5, 23
What are the prime factors of 33049?
33049
List the prime factors of 977.
977
What are the prime factors of 1035?
3, 5, 23
What are the prime factors of 5949?
3, 661
List the prime factors of 16490.
2, 5, 17, 97
List the prime factors of 9735.
3, 5, 11, 59
List the prime factors of 2475.
3, 5, 11
List the prime factors of 133819.
7, 2731
List the prime factors of 1177.
11, 107
List the prime factors of 3051.
3, 113
What are the prime factors of 10698?
2, 3, 1783
What are the prime factors of 411?
3, 137
List the prime factors of 41837.
17, 23, 107
What are the prime factors of 587?
587
List the prime factors of 205349.
29, 73, 97
List the prime factors of 3058.
2, 11, 139
What are the prime factors of 4441?
4441
What are the prime factors of 619?
619
List the prime factors of 27196.
2, 13, 523
List the prime factors of 11111.
41, 271
List the prime factors of 1354.
2, 677
What are the prime factors of 76?
2, 19
What are the prime factors of 5962?
2, 11, 271
List the prime factors of 4766.
2, 2383
List the prime factors of 202.
2, 101
What are the prime factors of 9445?
5, 1889
List the prime factors of 614.
2, 307
List the prime factors of 57626.
2, 28813
List the prime factors of 14995.
5, 2999
List the prime factors of 31238.
2, 15619
List the prime factors of 30223.
30223
List the prime factors of 395.
5, 79
What are the prime factors of 3053?
43, 71
What are the prime factors of 242?
2, 11
What are the prime factors of 902?
2, 11, 41
List the prime factors of 118404.
2, 3, 11, 13, 23
What are the prime factors of 1889?
1889
What are the prime factors of 50981?
7, 7283
List the prime factors of 7176.
2, 3, 13, 23
What are the prime factors of 780?
2, 3, 5, 13
List the prime factors of 2411.
2411
List the prime factors of 8117.
8117
List the prime factors of 10822.
2, 7, 773
What are the prime factors of 151212?
2, 3, 12601
List the prime factors of 11658.
2, 3, 29, 67
What are the prime factors of 12147?
3, 4049
What are the prime factors of 199?
199
List the prime factors of 7744.
2, 11
What are the prime factors of 14031?
3, 1559
List the prime factors of 3309.
3, 1103
What are the prime factors of 7055?
5, 17, 83
List the prime factors of 1916.
2, 479
What are the prime factors of 686?
2, 7
List the prime factors of 785.
5, 157
What are the prime factors of 5701?
5701
What are the prime factors of 212?
2, 53
What are the prime factors of 188?
2, 47
List the prime factors of 68306.
2, 7, 17, 41
List the prime factors of 50445.
3, 5, 19, 59
What are the prime factors of 1597?
1597
List the prime factors of 4168.
2, 521
List the prime factors of 756.
2, 3, 7
List the prime factors of 2197.
13
List the prime factors of 4478.
2, 2239
List the prime factors of 55839.
3, 7, 2659
List the prime factors of 3674.
2, 11, 167
What are the prime factors of 1866?
2, 3, 311
What are the prime factors of 56139?
3, 18713
What are the prime factors of 923?
13, 71
List the prime factors of 1138.
2, 569
List the prime factors of 940.
2, 5, 47
List the prime factors of 853.
853
What are the prime factors of 11132?
2, 11, 23
What are the prime factors of 4918?
2, 2459
List the prime factors of 17876.
2, 41, 109
List the prime factors of 40913.
163, 251
List the prime factors of 5337.
3, 593
What are the prime factors of 14855?
5, 2971
What are the prime factors of 868?
2, 7, 31
List the prime factors of 1157.
13, 89
List the prime factors of 195807.
3, 65269
List the prime factors of 897.
3, 13, 23
List the prime factors of 3083.
3083
What are the prime factors of 13773?
3, 4591
What are the prime factors of 366?
2, 3, 61
What are the prime factors of 10516?
2, 11, 239
What are the prime factors of 2675?
5, 107
What are the prime factors of 17079?
3, 5693
What are the prime factors of 3790?
2, 5, 379
List the prime factors of 19909.
43, 463
What are the prime factors of 5440?
2, 5, 17
List the prime factors of 826.
2, 7, 59
List the prime factors of 13888.
2, 7, 31
List the prime factors of 26556.
2, 3, 2213
What are the prime factors of 5903?
5903
List the prime factors of 1681.
41
List the prime factors of 108322.
2, 41, 1321
List the prime factors of 14879.
14879
What are the prime factors of 2578?
2, 1289
List the prime factors of 5166.
2, 3, 7, 41
What are the prime factors of 1731?
3, 577
What are the prime factors of 8112?
2, 3, 13
List the prime factors of 111273.
3, 29, 1279
List the prime factors of 62781.
3, 17, 1231
What are the prime factors of 9746?
2, 11, 443
List the prime factors of 34.
2, 17
List the prime factors of 6880.
2, 5, 43
List the prime factors of 339.
3, 113
What are the prime factors of 432?
2, 3
List the prime factors of 2603.
19, 137
List the prime factors of 1638.
2, 3, 7, 13
List the prime factors of 3460.
2, 5, 173
What are the prime factors of 43020?
2, 3, 5, 239
List the prime factors of 6100.
2, 5, 61
What are the prime factors of 13551?
3, 4517
List the prime factors of 13226.
2, 17, 389
What are the prime factors of 2480?
2, 5, 31
What are the prime factors of 27567?
3, 1021
What are the prime factors of 62580?
2, 3, 5, 7, 149
What are the prime factors of 1210?
2, 5, 11
What are the prime factors of 39007?
19, 2053
List the prime factors of 8218.
2, 7, 587
What are the prime factors of 3953?
59, 67
List the prime factors of 29872.
2, 1867
What are the prime factors of 1557?
3, 173
What are the prime factors of 5167?
5167
List the prime factors of 4022.
2, 2011
What are the prime factors of 889?
7, 127
What are the prime factors of 6916?
2, 7, 13, 19
What are the prime factors of 649?
11, 59
List the prime factors of 2456.
2, 307
What are the prime factors of 5875?
5, 47
List the prime factors of 666.
2, 3, 37
What are the prime factors of 4950?
2, 3, 5, 11
List the prime factors of 1113.
3, 7, 53
List the prime factors of